{"id":11,"date":"2021-06-18T15:04:19","date_gmt":"2021-06-18T13:04:19","guid":{"rendered":"https:\/\/cheminspatrimoine-aron.fr\/?page_id=11"},"modified":"2021-06-20T13:19:37","modified_gmt":"2021-06-20T11:19:37","slug":"a-propos","status":"publish","type":"page","link":"https:\/\/cheminspatrimoine-aron.fr\/?page_id=11","title":{"rendered":"A propos"},"content":{"rendered":"\n<p>Les<strong><em>&nbsp;Chemins&nbsp;<\/em><\/strong>ruraux constituent notre premi\u00e8re consid\u00e9ration dans la mesure o\u00f9&nbsp;:<\/p>\n\n\n\n<ul class=\"wp-block-list\"><li>Certains sont encore menac\u00e9s de disparition,<\/li><li>Beaucoup sont en mauvais \u00e9tat et ne sont pas interconnect\u00e9s entre eux,<\/li><li>Ils constituent un formidable potentiel de promenade pour le public et d\u2019activit\u00e9 pour les sportifs.<\/li><\/ul>\n\n\n\n<hr class=\"wp-block-separator\"\/>\n\n\n\n<p>La&nbsp;<strong><em>Nature<\/em><\/strong>&nbsp;offre un vivier inestimable de&nbsp;<em>biodiversit\u00e9<\/em>&nbsp;dans ces chemins tant dans&nbsp;<em>les talus<\/em>&nbsp;que dans&nbsp;<em>les arbres<\/em>&nbsp;\u2013 y compris les arbres morts\u2026<\/p>\n\n\n\n<p>La sauvegarde des <em>couloirs \u00e9cologiques<\/em> des chemins &#8211; m\u00eame inutilis\u00e9s, des haies et aussi des zones humides est devenue indispensable dans le contexte de changement climatique auquel nous allons \u00eatre confront\u00e9s.<\/p>\n\n\n\n<hr class=\"wp-block-separator\"\/>\n\n\n\n<p>Le&nbsp;<strong>Patrimoine<\/strong>&nbsp;du bocage avec ses haies et ses chemins constitue notre histoire et notre identit\u00e9 collective. Ils ont \u00e9t\u00e9 t\u00e9moins de la vie rurale de nos g\u00e9n\u00e9rations pr\u00e9c\u00e9dentes.<\/p>\n\n\n\n<ul class=\"wp-block-list\"><li>Certains chemins sont marqu\u00e9s par des fait historiques et il y a certainement beaucoup \u00e0 raconter l\u00e0-dessus,<\/li><li>D\u2019autres peuvent nous amener en des lieux insoup\u00e7onn\u00e9s \u00e0 la rencontre d\u2019un patrimoine plus culturel, pr\u00e9historique, antique ou religieux\u2026<\/li><\/ul>\n\n\n\n<p>Au-del\u00e0 des chemins, nous consid\u00e9rons que la mise en valeur du patrimoine sous toutes ses formes peut se conjuguer avec des \u00e9v\u00e9nements culturels qui font du sens et du lien social.<\/p>\n\n\n\n<hr class=\"wp-block-separator\"\/>\n\n\n\n<p><strong><em>Aronnais<\/em><\/strong>&nbsp;parce que le champ de notre intervention se situe sur notre belle commune d\u2019Aron. Cependant, au-del\u00e0 d\u2019Aron&nbsp;:<\/p>\n\n\n\n<ul class=\"wp-block-list\"><li>Nous souhaitons \u00eatre en lien avec les communes environnantes pour d\u00e9velopper des projets communs visant \u00e0 renforcer le&nbsp;<em>potentiel touristique<\/em>&nbsp;de notre belle r\u00e9gion et participer \u00e0 l\u2019<em>attractivit\u00e9<\/em>&nbsp;de la Mayenne,<\/li><li>Nous souhaitons collaborer activement avec des associations de <em>randonn\u00e9e <\/em>pour d\u00e9velopper et enregistrer de nouveaux itin\u00e9raires,<\/li><li>Nous sommes ouverts \u00e0 toutes les comp\u00e9tences et bonnes volont\u00e9s souhaitant prendre part \u00e0 nos actions et nous rejoindre dans notre d\u00e9marche qui se veut&nbsp;<em>\u00e9cocitoyenne&nbsp;<\/em>et orient\u00e9e sur tout ce qui fait sens commun.<\/li><\/ul>\n\n\n\n<hr class=\"wp-block-separator\"\/>\n\n\n\n<p>Bref, c\u2019est tout un programme au service du collectif auquel nous vous invitons pour&nbsp;:<\/p>\n\n\n\n<ul class=\"wp-block-list\"><li>Conserver le potentiel des chemins dans un premier temps,<\/li><li>Imaginer des actions \u00e0 d\u00e9velopper ensemble et avec les collectivit\u00e9s locales, les communes environnantes et d\u2019autres associations dans le sens de la valorisation des chemins, du bocage, des zones humides et du patrimoine local<\/li><li>Participer \u00e0 leur mise en \u0153uvre,<\/li><li>Faire de la p\u00e9dagogie aupr\u00e8s des g\u00e9n\u00e9rations \u00e0 venir,<\/li><li>Partager nos r\u00e9alisations, et en faire b\u00e9n\u00e9ficier un maximum de personnes \u2026<\/li><\/ul>\n\n\n\n<hr class=\"wp-block-separator\"\/>\n\n\n\n<p>Encouragez-nous&nbsp;! Rejoignez-nous&nbsp;!<\/p>\n\n\n\n<p><strong><em>Chemins Nature et Patrimoine Aronnais<\/em><\/strong><\/p>\n\n\n\n<figure class=\"wp-block-image size-large is-resized\"><img loading=\"lazy\" decoding=\"async\" src=\"https:\/\/cheminspatrimoine-aron.fr\/wp-content\/uploads\/2021\/06\/fullsizeoutput_c5-624x469-1.jpg\" alt=\"\" class=\"wp-image-103\" width=\"323\" height=\"243\" srcset=\"https:\/\/cheminspatrimoine-aron.fr\/wp-content\/uploads\/2021\/06\/fullsizeoutput_c5-624x469-1.jpg 624w, https:\/\/cheminspatrimoine-aron.fr\/wp-content\/uploads\/2021\/06\/fullsizeoutput_c5-624x469-1-300x225.jpg 300w\" sizes=\"auto, (max-width: 323px) 100vw, 323px\" \/><figcaption>SONY DSC<\/figcaption><\/figure>\n","protected":false},"excerpt":{"rendered":"<p>Les&nbsp;Chemins&nbsp;ruraux constituent notre premi\u00e8re consid\u00e9ration dans la mesure o\u00f9&nbsp;: Certains sont encore menac\u00e9s de disparition, Beaucoup sont en mauvais \u00e9tat et ne sont pas interconnect\u00e9s entre eux, Ils constituent un&hellip; <a class=\"more-link\" href=\"https:\/\/cheminspatrimoine-aron.fr\/?page_id=11\">Poursuivre la lecture <span class=\"screen-reader-text\">A propos<\/span><\/a><\/p>\n","protected":false},"author":1,"featured_media":99,"parent":0,"menu_order":0,"comment_status":"closed","ping_status":"closed","template":"","meta":{"footnotes":""},"class_list":["post-11","page","type-page","status-publish","has-post-thumbnail","hentry","entry"],"yoast_head":"<!-- This site is optimized with the Yoast SEO plugin v16.5 - https:\/\/yoast.com\/wordpress\/plugins\/seo\/ -->\n<title>A propos - Chemins, Nature et Patrimoine - Aron<\/title>\n<meta name=\"robots\" content=\"index, follow, max-snippet:-1, max-image-preview:large, max-video-preview:-1\" \/>\n<link rel=\"canonical\" href=\"https:\/\/cheminspatrimoine-aron.fr\/?page_id=11\" \/>\n<meta property=\"og:locale\" content=\"fr_FR\" \/>\n<meta property=\"og:type\" content=\"article\" \/>\n<meta property=\"og:title\" content=\"A propos - Chemins, Nature et Patrimoine - Aron\" \/>\n<meta property=\"og:description\" content=\"Les&nbsp;Chemins&nbsp;ruraux constituent notre premi\u00e8re consid\u00e9ration dans la mesure o\u00f9&nbsp;: Certains sont encore menac\u00e9s de disparition, Beaucoup sont en mauvais \u00e9tat et ne sont pas interconnect\u00e9s entre eux, Ils constituent un&hellip; Poursuivre la lecture A propos\" \/>\n<meta property=\"og:url\" content=\"https:\/\/cheminspatrimoine-aron.fr\/?page_id=11\" \/>\n<meta property=\"og:site_name\" content=\"Chemins, Nature et Patrimoine - Aron\" \/>\n<meta property=\"article:modified_time\" content=\"2021-06-20T11:19:37+00:00\" \/>\n<meta property=\"og:image\" content=\"https:\/\/cheminspatrimoine-aron.fr\/wp-content\/uploads\/2021\/06\/th-1.jpg\" \/>\n\t<meta property=\"og:image:width\" content=\"236\" \/>\n\t<meta property=\"og:image:height\" content=\"176\" \/>\n<meta name=\"twitter:card\" content=\"summary_large_image\" \/>\n<meta name=\"twitter:label1\" content=\"Dur\u00e9e de lecture est.\" \/>\n\t<meta name=\"twitter:data1\" content=\"2 minutes\" \/>\n<script type=\"application\/ld+json\" class=\"yoast-schema-graph\">{\"@context\":\"https:\/\/schema.org\",\"@graph\":[{\"@type\":\"WebSite\",\"@id\":\"https:\/\/cheminspatrimoine-aron.fr\/#website\",\"url\":\"https:\/\/cheminspatrimoine-aron.fr\/\",\"name\":\"Chemins, Nature et Patrimoine - Aron\",\"description\":\"Pr\\u00e9servons nos chemins et valorisons notre patrimoine\",\"potentialAction\":[{\"@type\":\"SearchAction\",\"target\":\"https:\/\/cheminspatrimoine-aron.fr\/?s={search_term_string}\",\"query-input\":\"required name=search_term_string\"}],\"inLanguage\":\"fr-FR\"},{\"@type\":\"ImageObject\",\"@id\":\"https:\/\/cheminspatrimoine-aron.fr\/?page_id=11#primaryimage\",\"inLanguage\":\"fr-FR\",\"url\":\"https:\/\/cheminspatrimoine-aron.fr\/wp-content\/uploads\/2021\/06\/th-1.jpg\",\"contentUrl\":\"https:\/\/cheminspatrimoine-aron.fr\/wp-content\/uploads\/2021\/06\/th-1.jpg\",\"width\":236,\"height\":176},{\"@type\":\"WebPage\",\"@id\":\"https:\/\/cheminspatrimoine-aron.fr\/?page_id=11#webpage\",\"url\":\"https:\/\/cheminspatrimoine-aron.fr\/?page_id=11\",\"name\":\"A propos - Chemins, Nature et Patrimoine - Aron\",\"isPartOf\":{\"@id\":\"https:\/\/cheminspatrimoine-aron.fr\/#website\"},\"primaryImageOfPage\":{\"@id\":\"https:\/\/cheminspatrimoine-aron.fr\/?page_id=11#primaryimage\"},\"datePublished\":\"2021-06-18T13:04:19+00:00\",\"dateModified\":\"2021-06-20T11:19:37+00:00\",\"breadcrumb\":{\"@id\":\"https:\/\/cheminspatrimoine-aron.fr\/?page_id=11#breadcrumb\"},\"inLanguage\":\"fr-FR\",\"potentialAction\":[{\"@type\":\"ReadAction\",\"target\":[\"https:\/\/cheminspatrimoine-aron.fr\/?page_id=11\"]}]},{\"@type\":\"BreadcrumbList\",\"@id\":\"https:\/\/cheminspatrimoine-aron.fr\/?page_id=11#breadcrumb\",\"itemListElement\":[{\"@type\":\"ListItem\",\"position\":1,\"name\":\"Accueil\",\"item\":\"https:\/\/cheminspatrimoine-aron.fr\/\"},{\"@type\":\"ListItem\",\"position\":2,\"name\":\"A propos\"}]}]}<\/script>\n<!-- \/ Yoast SEO plugin. -->","_links":{"self":[{"href":"https:\/\/cheminspatrimoine-aron.fr\/index.php?rest_route=\/wp\/v2\/pages\/11","targetHints":{"allow":["GET"]}}],"collection":[{"href":"https:\/\/cheminspatrimoine-aron.fr\/index.php?rest_route=\/wp\/v2\/pages"}],"about":[{"href":"https:\/\/cheminspatrimoine-aron.fr\/index.php?rest_route=\/wp\/v2\/types\/page"}],"author":[{"embeddable":true,"href":"https:\/\/cheminspatrimoine-aron.fr\/index.php?rest_route=\/wp\/v2\/users\/1"}],"replies":[{"embeddable":true,"href":"https:\/\/cheminspatrimoine-aron.fr\/index.php?rest_route=%2Fwp%2Fv2%2Fcomments&post=11"}],"version-history":[{"count":7,"href":"https:\/\/cheminspatrimoine-aron.fr\/index.php?rest_route=\/wp\/v2\/pages\/11\/revisions"}],"predecessor-version":[{"id":125,"href":"https:\/\/cheminspatrimoine-aron.fr\/index.php?rest_route=\/wp\/v2\/pages\/11\/revisions\/125"}],"wp:featuredmedia":[{"embeddable":true,"href":"https:\/\/cheminspatrimoine-aron.fr\/index.php?rest_route=\/wp\/v2\/media\/99"}],"wp:attachment":[{"href":"https:\/\/cheminspatrimoine-aron.fr\/index.php?rest_route=%2Fwp%2Fv2%2Fmedia&parent=11"}],"curies":[{"name":"wp","href":"https:\/\/api.w.org\/{rel}","templated":true}]}}